m - 196 = 3*m. Let s = m - -79. Suppose -3*i - 10 = 2*k - k, 0 = -4*k + 4*i + 40. What is the highest common factor of k and s?
5
Suppose -2*n + 88 = 4*d, 1 = -4*d + 9. Calculate the highest common divisor of n and 360.
40
Let x be -1 - -31 - (-1 - 0)*2. Calculate the highest common divisor of 4 and x.
4
Suppose 3*r + 6 = 2*i, -5*i + 48 = -i + 3*r. Suppose 4*n - n - 78 = 0. Let z = n - -46. What is the greatest common divisor of i and z?
9
Let y be 18*(9/2 + -4). Suppose 4*z - 2*j - 20 = 58, 3*z - 3*j - 63 = 0. What is the highest common divisor of z and y?
9
Suppose 0 = 3*i - 9*i + 12. What is the highest common factor of i and 26?
2
Suppose w + 3*d - 299 = 0, -d = 2*w + 2*d - 607. What is the highest common divisor of 28 and w?
28
Suppose 21*v - 180 = 9*v. What is the highest common factor of v and 135?
15
Let y(u) = -u**3 - 6*u**2 - 3*u - 13. Let h be y(-6). Calculate the greatest common divisor of h and 25.
5
Suppose -f + 27 = -2*f. Let s = 3 - f. Calculate the greatest common factor of 20 and s.
10
Suppose d + 2 = 2*d, 133 = 3*l - d. What is the highest common factor of 15 and l?
15
Suppose 0 = d + d - 18. Let j be -3 + (14 + -3 - 0). Suppose 0 = 5*b - j - 7. What is the greatest common divisor of d and b?
3
Let n(s) = -8*s - 2. Let r be n(-1). Calculate the greatest common factor of 12 and r.
6
Suppose -o + 4*v = 2, -3*o = -0*v - 3*v + 15. Let f be ((-316)/o)/(2/6). Let w be f/8 + 1/4. Calculate the greatest common divisor of 20 and w.
20
Suppose 4*f + 4*j - 64 = 0, -4*j = -4*f + 66 + 22. Let b = 46 - -30. What is the greatest common factor of f and b?
19
Suppose 0 = 5*a - 4*j - 57, -a + 30 = 3*a + 2*j. Let t = -9 - -18. What is the highest common divisor of a and t?
9
Let p = -113 - -217. Calculate the greatest common factor of p and 26.
26
Suppose 0*q - 4*q = l + 8, 29 = -l + 3*q. Let b = l - -24. What is the highest common divisor of 16 and b?
4
Suppose w + 16 = 4*u - 3*w, -2*u = -5*w + 4. Suppose -k + 3 = 2*j, 4*k = 4*j - u - 28. Calculate the greatest common factor of 36 and j.
4
Suppose b + 30 = 3*b. Let q(c) = c**2 - 4*c - 2. Let u be q(5). Suppose u = -3*l + 18. What is the highest common factor of b and l?
5
Suppose r + 5*o - 35 = -11, 5*r - 236 = 4*o. Suppose -3 = 3*a, 2*f + 3*a - 63 = -f. Calculate the greatest common factor of r and f.
22
Let b be ((-5)/(-15))/((-1)/(-21)). Calculate the greatest common factor of b and 21.
7
Suppose 0 = -2*u + 42 + 16. What is the greatest common divisor of u and 203?
29
Let a = 377 - 91. What is the greatest common factor of 26 and a?
26
Let o(i) = -6*i**2 - 9*i - 7. Let v(q) = -3*q**2 - 5*q - 4. Let g(w) = -4*o(w) + 7*v(w). Let t be g(-3). What is the greatest common factor of t and 120?
24
Let w be (-20)/(-2)*(0 - -1). Let u = 1 - -4. Let h be 1*4 - w/u. What is the highest common factor of 22 and h?
2
Let r(z) = 5*z**2 - 4*z + 5. Let p be (5/(-4))/(2/(-8)). Let i be r(p). Calculate the highest common divisor of 10 and i.
10
Suppose 3*v = 4*r + 91, 5*v + 3*r = 134 + 37. Let q(n) = -n**2 + 12*n - 33. Let o be q(6). Calculate the highest common factor of o and v.
3
Suppose 0*f + 3*f = 0. Suppose -3*t - 5*i = -28, 4*t - 2*i = -f*i + 46. What is the greatest common divisor of 44 and t?
11
Let s be 30/4*16/10. Let m = 73 + -37. What is the highest common factor of m and s?
12
Suppose 4*m + 112 = -2*a + 2*m, 5*a + 2*m = -265. Let x = 72 + a. Calculate the greatest common divisor of 14 and x.
7
Let w = -8 - -5. Let i = 3 + w. Suppose i = r - 5*d + 4 - 13, -18 = -2*r - 4*d. What is the highest common divisor of r and 72?
9
Let b = 122 + -121. Calculate the highest common factor of b and 1.
1
Let h be 2 + 2/2*1. Suppose 0*x - 3*u = 4*x - 46, -h*x = -u - 28. Calculate the greatest common divisor of 5 and x.
5
Let g be (-180)/35*14/(-4). Let h = -7 + g. Calculate the highest common factor of 99 and h.
11
Let a(m) = -m**2 - 14*m - 13. Suppose 25 - 9 = 2*x. Let l = x + -17. Let t be a(l). Calculate the highest common factor of 48 and t.
16
Suppose 0 = 2*t + 12 - 2. Let g = t + 8. Suppose -g*a + 2*a = -21. Calculate the highest common factor of a and 14.
7
Let d = 576 - 312. What is the greatest common divisor of d and 24?
24
Suppose 9*p - 71 - 64 = 0. Calculate the greatest common divisor of p and 15.
15
Let f be (12/2)/((-51)/(-15) + -3). Calculate the greatest common factor of f and 60.
15
Let b(u) = -u**2 + 4. Let g be b(0). Let r be 15/(-4)*((-138)/18 + 5). What is the highest common factor of g and r?
2
Suppose 2*y = -4*m + 76, -4*m = -y - 9*m + 35. What is the greatest common factor of 5 and y?
5
Let i be 4*(-2)/(-4) + 0. Let f(v) = 13*v**3 - v. Let d be f(1). Suppose -54 = -i*r + d. Calculate the greatest common factor of 3 and r.
3
Let s be (10/15)/(2/12). Suppose 4*o + 20 = s*a, 15 = -5*o + 2*o + 5*a. Let i be (o/3)/((-2)/48). What is the highest common divisor of i and 10?
10
Let q = 10 - 5. Suppose 2*u - 5*u + 5*w = -26, -16 = 4*w. What is the highest common divisor of q and u?
1
Let t = -14 - -26. Calculate the highest common divisor of t and 384.
12
Suppose -54 - 18 = -5*l - 3*g, 4*l + 4*g = 64. What is the highest common factor of l and 60?
12
Suppose -z - 3*z = 0. Let n be (14 + z)*7/14. Calculate the highest common factor of n and 63.
7
Let k(r) = -r**3 + 4*r**2 + 6*r - 2. Let h be k(5). Let z(p) = -3*p + 0*p - 5 + 4 + 8*p. Let m be z(h). Calculate the highest common factor of m and 56.
14
Suppose -4*t - 4*g - 51 = -g, -t - 18 = -g. Let n = 14 - t. Calculate the greatest common divisor of n and 87.
29
Suppose 2*q - 34 = -2*o + 4*o, 3*q - 5*o = 57. Suppose -3*r + q = f, -2*r + 10 = -r - f. Calculate the highest common factor of r and 12.
6
Let x(q) = 2*q**3 + 6*q**2 - 6*q + 6. Let t be x(-5). Let b = t - -100. Suppose 5*p + 3*p = 192. What is the greatest common factor of b and p?
12
Let o = -10 - -14. Suppose 2*n - o*n = -j - 77, 2*j = 6. Let z(u) = 2*u - 7. Let g be z(6). What is the highest common factor of n and g?
5
Let q be -2 + (-11)/((-11)/6). Suppose -q*d = -24 + 4. Calculate the highest common divisor of d and 35.
5
Suppose -3*p + 92 = 5*y + 28, 4*y = -p + 54. Calculate the highest common factor of 21 and y.
7
Let x be (-4)/(-8)*(-19 + 1). Let k(h) = h**3 + 10*h**2 + 7*h - 8. Let b be k(x). Calculate the greatest common factor of b and 80.
10
Let c = -1 - -5. Suppose c*w = 120 + 180. What is the highest common divisor of w and 30?
15
Let k = 1 + 2. Suppose 0 = i - 5*m + 11, k*m = i + 3. Let g(n) = -2*n. Let h be g(-3). What is the highest common factor of i and h?
3
Let w be 3/(-2)*(-20)/15. Suppose -2*h - 6 = -4*r, 3*r + 18 = w*h + 7*r. What is the highest common divisor of h and 24?
3
Suppose k - 33 = -3*k + 5*u, -3*k = 5*u + 19. Suppose 5 = -n + k*n. What is the highest common divisor of n and 45?
5
Let i be -2 + (4*23 - 1). Suppose i = s - 391. Suppose -4*o - 5*w + s = 0, -o = -4*w - 138 + 18. What is the highest common divisor of o and 15?
15
Let y(v) = -v**3 + v**2 + v + 62. Let j be y(0). What is the highest common factor of 31 and j?
31
Suppose -14*w - 28 = -4*f - 10*w, 0 = 5*f + 4*w - 8. Suppose 74 = 3*x - 10. Calculate the highest common divisor of f and x.
4
Let w be 12 - -3*(-4)/6. Let c(b) = b**3 + 7*b**2 - 12*b - 14. Let f be c(-7). What is the greatest common divisor of w and f?
10
Suppose -5*y - h + 301 = 0, 5*y + 5*h - 225 - 80 = 0. Calculate the highest common divisor of 12 and y.
12
Let t be (1*-4)/((-16)/(-56)). Let u = 1 - t. Let n be (-1 + 1/2)*-10. Calculate the highest common factor of u and n.
5
Let g = 6 - 2. Let a(c) = c**3 - 6*c**2 - 13*c - 20. Let h be a(8). Calculate the greatest common factor of h and g.
4
Suppose -2*s + 64 = -s. Calculate the highest common factor of s and 8.
8
Suppose 4*d = 144 - 16. Suppose 0 = -3*l + 4*y + 232, -l - 43 + 127 = 2*y. Calculate the highest common factor of d and l.
16
Suppose 5*d - 2*q = -35, d + q - 30 = 6*d. Suppose 5*c - 24 = 3*g, -5*c + g + 37 = 9. Let i = c - d. Calculate the greatest common divisor of 99 and i.
11
Let l(d) = 4*d - 4. Let m be l(4). Suppose 3*n - 4*q - 26 = 0, -3*n - 3*q - 2*q - 19 = 0. Calculate the highest common divisor of m and n.
2
Let r = 0 + 3. Let f(w) = 5*w + 2. Let i = -8 - -10. Let m be f(i). Calculate the greatest common divisor of m and r.
3
Let l(m) be the first derivative